{"id":93,"date":"2020-01-14T14:22:52","date_gmt":"2020-01-14T13:22:52","guid":{"rendered":"http:\/\/www.poztel.com.pl\/?page_id=93"},"modified":"2024-05-27T11:33:59","modified_gmt":"2024-05-27T09:33:59","slug":"informacje-dla-akcjonariuszy","status":"publish","type":"page","link":"https:\/\/www.poztel.com.pl\/index.php\/informacje-dla-akcjonariuszy\/","title":{"rendered":"Dla Akcjonariuszy"},"content":{"rendered":"<p>POZTEL S A<\/p>\n<p>Numer konta:\u00a055 1090 1346 0000 0000 3402 5359<\/p>\n<p>REGON: 632501388<br \/>\nNIP: 7790020519<br \/>\nKRS: 0000063670<\/p>\n<p><a href=\"https:\/\/www.poztel.com.pl\/wp-content\/uploads\/2024\/05\/Odpis_Aktualny_KRS_0000063670.pdf\">Odpis_Aktualny_KRS_0000063670<\/a><\/p>\n<p><span style=\"color: #ff0000;\"><a href=\"https:\/\/www.poztel.com.pl\/wp-content\/uploads\/2020\/01\/STATUT-2022-r.pdf\">STATUT Poztel SA<\/a><\/span><\/p>\n<p><span style=\"color: #ff0000;\"><a href=\"http:\/\/www.poztel.com.pl\/wp-content\/uploads\/2020\/01\/REGON.pdf\">REGON<\/a><\/span><\/p>\n<h2><a href=\"http:\/\/www.poztel.com.pl\/index.php\/ogloszenia-spolki\/\">Og\u0142oszenia sp\u00f3\u0142ki<\/a><\/h2>\n","protected":false},"excerpt":{"rendered":"<p>POZTEL S A Numer konta:\u00a055 1090 1346 0000 0000 3402 5359 REGON: 632501388 NIP: 7790020519 KRS: 0000063670 Odpis_Aktualny_KRS_0000063670 STATUT Poztel SA REGON Og\u0142oszenia sp\u00f3\u0142ki<\/p>\n","protected":false},"author":1,"featured_media":0,"parent":0,"menu_order":0,"comment_status":"closed","ping_status":"closed","template":"","meta":[],"_links":{"self":[{"href":"https:\/\/www.poztel.com.pl\/index.php\/wp-json\/wp\/v2\/pages\/93"}],"collection":[{"href":"https:\/\/www.poztel.com.pl\/index.php\/wp-json\/wp\/v2\/pages"}],"about":[{"href":"https:\/\/www.poztel.com.pl\/index.php\/wp-json\/wp\/v2\/types\/page"}],"author":[{"embeddable":true,"href":"https:\/\/www.poztel.com.pl\/index.php\/wp-json\/wp\/v2\/users\/1"}],"replies":[{"embeddable":true,"href":"https:\/\/www.poztel.com.pl\/index.php\/wp-json\/wp\/v2\/comments?post=93"}],"version-history":[{"count":15,"href":"https:\/\/www.poztel.com.pl\/index.php\/wp-json\/wp\/v2\/pages\/93\/revisions"}],"predecessor-version":[{"id":188,"href":"https:\/\/www.poztel.com.pl\/index.php\/wp-json\/wp\/v2\/pages\/93\/revisions\/188"}],"wp:attachment":[{"href":"https:\/\/www.poztel.com.pl\/index.php\/wp-json\/wp\/v2\/media?parent=93"}],"curies":[{"name":"wp","href":"https:\/\/api.w.org\/{rel}","templated":true}]}}